he prime factors of 18/24 + -1 + (-5085)/(-20)?
2, 127
Let h be ((-54)/36)/((-1)/(-30)). Let o = 85 + h. What are the prime factors of o?
2, 5
Suppose 6*o = 9*o - 15. Let u be (3 - -7)/(-3 + o). Suppose u*s + 121 = 2*j, -j = -2*j + 4*s + 56. List the prime factors of j.
2, 17
Let d(r) be the first derivative of r**3/3 + r**2/2 + 5*r + 7. Let o be d(0). Suppose o*w - 24 - 1 = 0, -w + 83 = 2*y. List the prime factors of y.
3, 13
Suppose 8*u - 2079 = 5*u. What are the prime factors of u?
3, 7, 11
Suppose -4*s = 5*l - 10*l + 155, -5*s + l - 220 = 0. List the prime factors of 85 - (-4 + s/(-5)).
2, 5
Let m(a) = 12*a - 35. Suppose -5*r + 2*y + 52 = 0, -r - 3*y = -4*r + 24. What are the prime factors of m(r)?
109
Let n(v) be the first derivative of -51*v**4/4 + v**3/3 - v - 7. List the prime factors of n(-1).
3, 17
Let t = 35 + -31. Suppose -5*p = -2*z - 335, -t*p + 2*p + z + 133 = 0. What are the prime factors of p?
3, 23
Let o = 745 - 310. List the prime factors of o.
3, 5, 29
Let h(x) = -x**3 - 4*x**2 + 2*x. Let t be h(-4). Let j = 25 + t. What are the prime factors of j?
17
Let s(d) = d**2 + 5*d - 10. Let z be (3 + 0)/(6/8). Let q be s(z). Suppose -2*w + q + 16 = 0. What are the prime factors of w?
3, 7
Let t = 1911 - 932. What are the prime factors of t?
11, 89
Let m(g) = -7*g**3 + 8*g**2 - 9*g - 71. List the prime factors of m(-7).
5, 557
What are the prime factors of 5 + 344*(4 - 4/(-1))?
3, 919
Suppose -j + 6 = j + q, 5*j + 2*q - 16 = 0. Suppose -35 = -j*f + 253. List the prime factors of f.
2, 3
Let c(x) = x**2 + 20*x - 25. Let h be c(-13). Let n = h - -371. List the prime factors of n.
3, 5, 17
Let f be 14/(-35) + 2/5. Suppose -4*t - 124 = -5*s - f*t, -152 = -5*s - 3*t. What are the prime factors of s?
2, 7
Let o(k) = -26*k + 646. List the prime factors of o(0).
2, 17, 19
Let u be (-2 + 6)*2/2. Suppose -30 = 4*t - 3*p - 352, -t - u*p + 90 = 0. List the prime factors of t.
2, 41
Let v = -52 + 53. List the prime factors of (0 + 3)/v + 210/5.
3, 5
Suppose -5*g = 3*r - 571, 0*r - 4*g + 569 = 3*r. List the prime factors of r.
11, 17
Let i(v) = -3*v + 8. Let l be i(-5). Let q = -16 + l. List the prime factors of q - (-6 + 2 + 2).
3
Let v = 8 + -8. Suppose v*z - 5*d = -4*z + 15, 3*z - 3*d = 9. Suppose z*o + 46 = o - k, o - 52 = -k. List the prime factors of o.
7
Let q(b) = b**3 + 13*b**2 - 34*b + 41. List the prime factors of q(-15).
101
Suppose 0 = r - 12 + 9. Suppose 3*t + 2*s = 7*t - 490, -r*s = 4*t - 505. What are the prime factors of t?
2, 31
Let u be 615/(-27) - (-6)/(-27). Let k = u + 23. Suppose -b + 3*f = -2*f - 53, 4*b - 5*f - 212 = k. What are the prime factors of b?
53
What are the prime factors of ((-3428)/12)/((-1)/(8 + 1))?
3, 857
Suppose 0 = 175*t - 188*t + 23140. What are the prime factors of t?
2, 5, 89
Let u be ((-4)/12)/((-43)/(-21) + -2). What are the prime factors of ((-3)/(-6))/(u/12)*-28?
2, 3
Let l(m) = -5*m**3 - m**2 - 2*m - 1. Let o be l(-1). Let q(p) = -9*p + 11. Let d be q(o). What are the prime factors of d/(-4)*2 - -2?
19
Let w = 659 + -378. What are the prime factors of w?
281
Let c = -1 + 3. Suppose 0 = c*p + 3*k - 71, -3*p - k + 3*k + 113 = 0. Let f = p + -16. What are the prime factors of f?
3, 7
Let o(w) = 3*w**2 + 1 - 10*w**2 + 2*w**3 - w**3 + 1 - 10*w. Let a be o(9). Let r = a + -51. List the prime factors of r.
23
Let y(o) = -o**3 - 11*o**2 - 12*o - 34. List the prime factors of y(-11).
2, 7
Let j(o) = -5*o**3 - 3*o**3 + 245*o - 3 - 245*o + o**2. List the prime factors of j(-2).
5, 13
Let l = -19 - -27. What are the prime factors of l/(32/(-300))*-1?
3, 5
Let u(k) be the first derivative of k**2/2 + 9*k + 2. Suppose 0 = 3*m - 0*m + 21. What are the prime factors of u(m)?
2
Let q be 13 + 3 - (0 - 0). Suppose 0 = -5*k + 5*r - 0*r + 325, 0 = 4*r - q. What are the prime factors of k?
3, 23
Let x = 3295 + -1455. What are the prime factors of x?
2, 5, 23
Let p(d) = 1327*d + 28. What are the prime factors of p(1)?
5, 271
Let q(a) = -a**2 - 4*a. Let s be q(-6). Let x = s - -16. Suppose 2*f + 3*f + 16 = -2*o, 0 = 2*o + x*f + 12. What are the prime factors of o?
2
Suppose -5*l - 4*j + 3 + 5 = 0, -2*l - 6 = -3*j. Let q = -43 - -78. Suppose l = -2*b + b + q. What are the prime factors of b?
5, 7
Let i = -29 + 25. Let s(f) = -f**3 + 5*f**2 + 6*f + 4. Let a be s(i). List the prime factors of (1 - 2/4)*a.
2, 31
Suppose a - 2*a + 3 = 0, -4*o + 9157 = -5*a. List the prime factors of o.
2293
Let s = 162 + -157. Suppose 3*j - 80 = -4*a + 29, -s*a + 18 = j. What are the prime factors of j?
43
Let m(h) = 43*h. Let u be m(1). Let y be 21/9 - (-2)/(-6). Suppose -2*x + 9 + 22 = -5*a, -y*x + u = -a. What are the prime factors of x?
23
Suppose 0 = -8*i + 5668 + 3828. List the prime factors of i.
1187
Let k(f) = -4*f**3 + 4*f**2 + f. Let c(o) = 15*o**3 - 17*o**2 - 5*o. Let m(l) = -2*c(l) - 9*k(l). What are the prime factors of m(3)?
3, 7
Let o(x) = x**3 - 13*x**2 + 14 - 27*x - 18*x + 49*x. Let s be o(13). Let k = s - 31. List the prime factors of k.
5, 7
Let h be -3*(5 - 4)*(-24)/9. Suppose 3*s = 2*n + 3*n + 53, -h = 2*n. List the prime factors of s.
11
Let t(b) = 209*b - 9. List the prime factors of t(2).
409
Let q be 24/18 - 22/(-6). Suppose q*k = -0*k + 380. List the prime factors of k.
2, 19
Let a(b) be the third derivative of b**5/60 + b**4/8 + 41*b**3/6 - 34*b**2. List the prime factors of a(-16).
3, 83
Let g = 14 - 12. Suppose -195 = -4*y + 5*l, -5*y - g*l - 184 + 469 = 0. List the prime factors of y.
5, 11
Let h(r) = r**2 + 16*r + 23. Let d be h(-15). Let z = 0 - 1. What are the prime factors of (z - 37)*d/(-16)?
19
Let g(y) = 3*y**2 + 22*y + 59. What are the prime factors of g(-23)?
2, 3, 5, 19
Suppose 5*q - 9622 = -4*v, -6*q - 3*v = -12*q + 11523. What are the prime factors of q?
2, 31
Let m(p) = p**2 - 2*p - 2. Let k be m(-2). Let v be (-4)/k - 8/(-12). Suppose -2*i + g + 65 - 18 = 0, -i - 5*g - 4 = v. List the prime factors of i.
3, 7
Let z(w) be the first derivative of -w**4/4 + 8*w**3/3 - w**2 + 6*w - 9. Let s be z(7). Suppose l - s = 4. What are the prime factors of l?
3, 5
Suppose 0 = -53*q + 58*q - 4870. Let n = q - 689. List the prime factors of n.
3, 5, 19
Let b = 258 + 227. List the prime factors of b.
5, 97
Let k be (-5 - -4)*(-1 + -2). Suppose -2*j - o - 5 + 2 = 0, 0 = j + k*o + 14. Suppose 0 = 3*u + j + 11, u = -3*q + 116. List the prime factors of q.
2, 5
Let r(v) = -2*v. Suppose -o + s - 13 = 4*o, -3*s + 1 = 4*o. Let c be r(o). Suppose -2*b + 318 = c*b. What are the prime factors of b?
53
Let p(f) = -f - 8. Let d be p(-6). Let s = 22 + -16. List the prime factors of (75/s)/(d/(-4)).
5
Suppose -568*x = -560*x - 1760. What are the prime factors of x?
2, 5, 11
Suppose 18*c - 16162 - 2234 = 0. What are the prime factors of c?
2, 7, 73
Let x(m) = -2*m**2 + 27*m - 13. Let c be x(13). What are the prime factors of 74/2 + c - 3?
2, 17
Let m be -4*(2 - 14/(-8)). Let k = m + 7. Let i = k - -24. List the prime factors of i.
2
Suppose 0 = 2*m + 6 - 34. Suppose -5*v = -3*v. Suppose v*w = w - m. What are the prime factors of w?
2, 7
Let g = 11 + -6. Suppose 5*t - 14 = 2*y, -5*t + 4 = -5*y - 1. Suppose -i - g*q = 12, q + t = 5*i - 40. List the prime factors of i.
2
Suppose 0 = -14*p + 11*p - 351. List the prime factors of (-9 - -5)/(6/p).
2, 3, 13
Let a be 1/(1/239) + -2 + -1. Suppose -a = -4*n - 4*r, 0 = -r + 3 - 2. List the prime factors of n.
2, 29
Suppose -25 = -h - 4*h. Suppose 171 + 4 = h*q. What are the prime factors of q?
5, 7
Suppose 0 = -2*g + 6*u - 7*u + 1258, 1258 = 2*g + 5*u. List the prime factors of g.
17, 37
Let m = 4 - 120. Let t = m - -340. What are the prime factors of t?
2, 7
Suppose 3*y - 40 = -478. Let t = 81 + y. List the prime factors of t/20*(-6 - 2).
2, 13
Suppose 2 + 2 = -2*k. Let n = -2 + 3. What are the prime factors of -14*(n + (k - 0))?
2, 7
Suppose -5*c - 2281 = 2269. What are the prime factors of (2/(-4))/(13/c)?
5, 7
Let w = 25 - 19. Suppose -7*a = -w*a - 8. List the prime factors of a.
2
Let f = -6 - -162. What are the prime factors of f?
2, 3, 13
Let s(f) = 2*f + 4. Let a(u) = -u. Let j(c) = -3*a(c) - s(c). Let g be j(7). List the prime factors of 19 + g + 2 + -4.
2, 5
Suppose -38 = -2*a - 148. Suppose 15 = -5*q + n, 0 = -5*q - 2*n - 10 - 5. Let o = q - a. List the prime factors of o.
